{"id":2028,"date":"2019-04-23T09:05:38","date_gmt":"2019-04-23T15:05:38","guid":{"rendered":"http:\/\/fundacioncomunitariamalinalco.org\/?page_id=2028"},"modified":"2024-06-13T13:43:51","modified_gmt":"2024-06-13T19:43:51","slug":"aviso-de-privacidad","status":"publish","type":"page","link":"https:\/\/fundacioncomunitariamalinalco.org\/en\/aviso-de-privacidad\/","title":{"rendered":"Aviso de privacidad"},"content":{"rendered":"<p>Con fundamento en lo establecido en la Ley Federal de Protecci\u00f3n de Datos Personales en Posesi\u00f3n de los Particulares, mediante la cual se obliga a los particulares, sean personas f\u00edsicas o morales de car\u00e1cter privado, que lleven a cabo el tratamiento de datos personales, ponemos a su disposici\u00f3n el aviso de privacidad correspondiente, a efecto de garantizar la privacidad y el derecho a la autodeterminaci\u00f3n informativa de las personas que nos proporcionan datos personales.<\/p>\n\n\n\n<div style=\"height:50px\" aria-hidden=\"true\" class=\"wp-block-spacer\"><\/div>\n\n\n\n<h3 class=\"wp-block-heading\">AVISO DE PRIVACIDAD:<\/h3>\n\n\n\n<ol class=\"wp-block-list\">\n<li>Fundaci\u00f3n Comunitaria Malinalco, A.C., con domicilio fiscal en Insurgentes S\/N, Barrio Santa Mar\u00eda, Malinalco, C.P.52440, Malinalco, Estado de M\u00e9xico, es responsable de recabar sus datos personales, del uso que se le d\u00e9 a los mismos y de su protecci\u00f3n.<\/li>\n\n\n\n<li>Los datos personales e informaci\u00f3n personal sensible que voluntariamente proporcione a Fundaci\u00f3n Comunitaria Malinalco, A.C., ser\u00e1n utilizados para identificarlo, localizarlo y contactarlo; registro en base de datos de contactos; as\u00ed como cualquier otra finalidad an\u00e1loga a las aqu\u00ed establecidas, y estar\u00e1n protegidos por medidas de seguridad administrativas, t\u00e9cnicas y f\u00edsicas, para evitar su da\u00f1o, p\u00e9rdida, alteraci\u00f3n, destrucci\u00f3n, uso, acceso o divulgaci\u00f3n indebida.<\/li>\n\n\n\n<li>Usted tiene derecho, conforme al Art\u00edculo 29 de la Ley Federal de Protecci\u00f3n de Datos Personales en Posesi\u00f3n de los Particulares, de acceder, rectificar y cancelar sus datos personales, as\u00ed como de oponerse al tratamiento de los mismos o revocar el consentimiento que para tal fin nos haya otorgado, a trav\u00e9s de los procedimientos que hemos implementado.<\/li>\n\n\n\n<li>La Instituci\u00f3n no requerir\u00e1 el consentimiento del Titular, para tratar datos personales cuando lo haga con fundamento en lo dispuesto en el art\u00edculo 10 y 37 de la Ley.,<\/li>\n\n\n\n<li>Adicionalmente, Fundaci\u00f3n Comunitaria Malinalco, A.C., queda autorizada para tratar datos personales para cualquiera de los siguientes fines: Enviar por cualquier medio f\u00edsico, electr\u00f3nico o magn\u00e9tico, incluyendo de manera enunciativa y no limitativa, correo ordinario, correo electr\u00f3nico, llamadas telef\u00f3nicas, descargas electr\u00f3nicas, o por personal autorizado por la Instituci\u00f3n previamente identificado:<br><br> a. Noticias y anuncios en general, que sean o puedan ser importantes o relacionados con la Instituci\u00f3n.<br> b.Campa\u00f1as, beneficios o invitaci\u00f3n a eventos.<\/li>\n\n\n\n<li> Los titulares de la informaci\u00f3n podr\u00e1n en todo momento, salvo por las excepciones contenidas en la misma Ley, limitar el uso o divulgaci\u00f3n de los datos personales previamente proporcionados a la Instituci\u00f3n. Al efecto, el Titular deber\u00e1 dirigirse al correo: info@fcmalinalco.org o mediante un escrito con acuse entregado en el domicilio principal de la Instituci\u00f3n.<\/li>\n\n\n\n<li>Cuando se trate de Datos Personales Sensibles, para su tratamiento, la Instituci\u00f3n deber\u00e1 recabar el Consentimiento respectivo, el cual, junto con el presente Aviso de Privacidad faculta a la Instituci\u00f3n a darle el tratamiento que haya sido autorizado por el Titular.<\/li>\n\n\n\n<li>Se tendr\u00e1 t\u00e1citamente por notificado al Titular de la Informaci\u00f3n y se entender\u00e1 que el mismo acepta las modificaciones al presente Aviso de Privacidad, dentro de los tres d\u00edas h\u00e1biles siguientes a la fecha en que se ponga a disposici\u00f3n del p\u00fablico la adecuaci\u00f3n respectiva, si el Titular no manifiesta desacuerdo o rechazo alguno. A efectos de lo anterior, la Instituci\u00f3n a su elecci\u00f3n, podr\u00e1 comunicar al Titular los cambios realizados al presente Aviso de Privacidad a trav\u00e9s de cualquiera de los siguientes medios:<br><br> &#8211; Escrito enviado a cualquiera de los domicilios que se tengan del Titular.<br> &#8211; Correo electr\u00f3nico enviado a cualquiera de las direcciones electr\u00f3nicas que se tenga del Titular.<br> &#8211; Avisos colocados en el sitio de Internet de la Instituci\u00f3n cuando se trate de cambios de car\u00e1cter general y no particulares o cuando as\u00ed sea requerido por la Ley o disposiciones de autoridad competente.<\/li>\n<\/ol>\n\n\n\n<div style=\"height:50px\" aria-hidden=\"true\" class=\"wp-block-spacer\"><\/div>\n\n\n\n<p>Para la Fundaci\u00f3n Comunitaria Malinalco, A.C., mantener la privacidad y los procedimientos de seguridad que protegen sus Datos Personales es muy importante.<\/p>\n\n\n\n<p>Contacto: Si tiene alguna duda sobre el contenido, interpretaci\u00f3n o alcance de este Aviso y sobre c\u00f3mo ejercer sus derechos de acceso, rectificaci\u00f3n, cancelaci\u00f3n u oposici\u00f3n, puede llamarnos al 714 147 1113 o escribirnos al correo electr\u00f3nico: <a href=\"mailto:info@fcmalinalco.org\" class=\"ek-link\">info@fcmalinalco.org<\/a><\/p>\n\n\n\n<p>Fecha de actualizaci\u00f3n: 2 de enero del 2024<\/p>","protected":false},"excerpt":{"rendered":"<p>Con fundamento en lo establecido en la Ley Federal de Protecci\u00f3n de Datos Personales en Posesi\u00f3n de los Particulares, mediante [&hellip;]<\/p>\n","protected":false},"author":1,"featured_media":1534,"parent":0,"menu_order":0,"comment_status":"closed","ping_status":"closed","template":"","meta":{"_editorskit_title_hidden":false,"_editorskit_reading_time":0,"_editorskit_is_block_options_detached":false,"_editorskit_block_options_position":"{}","_eb_attr":"","advgb_blocks_editor_width":"","advgb_blocks_columns_visual_guide":"","pgc_sgb_lightbox_settings":"","footnotes":""},"categories":[],"class_list":["post-2028","page","type-page","status-publish","has-post-thumbnail","hentry"],"coauthors":[],"author_meta":{"author_link":"https:\/\/fundacioncomunitariamalinalco.org\/en\/author\/admin\/","display_name":"admin"},"relative_dates":{"created":"Posted 7 years ago","modified":"Updated 2 years ago"},"absolute_dates":{"created":"Posted on 23 April, 2019","modified":"Updated on 13 June, 2024"},"absolute_dates_time":{"created":"Posted on 23 April, 2019 9:05 am","modified":"Updated on 13 June, 2024 1:43 pm"},"featured_img_caption":"","featured_img":"https:\/\/fundacioncomunitariamalinalco.org\/wp-content\/uploads\/2019\/01\/BANNER_FCM-2.png","series_order":"","_links":{"self":[{"href":"https:\/\/fundacioncomunitariamalinalco.org\/en\/wp-json\/wp\/v2\/pages\/2028","targetHints":{"allow":["GET"]}}],"collection":[{"href":"https:\/\/fundacioncomunitariamalinalco.org\/en\/wp-json\/wp\/v2\/pages"}],"about":[{"href":"https:\/\/fundacioncomunitariamalinalco.org\/en\/wp-json\/wp\/v2\/types\/page"}],"author":[{"embeddable":true,"href":"https:\/\/fundacioncomunitariamalinalco.org\/en\/wp-json\/wp\/v2\/users\/1"}],"replies":[{"embeddable":true,"href":"https:\/\/fundacioncomunitariamalinalco.org\/en\/wp-json\/wp\/v2\/comments?post=2028"}],"version-history":[{"count":6,"href":"https:\/\/fundacioncomunitariamalinalco.org\/en\/wp-json\/wp\/v2\/pages\/2028\/revisions"}],"predecessor-version":[{"id":5546,"href":"https:\/\/fundacioncomunitariamalinalco.org\/en\/wp-json\/wp\/v2\/pages\/2028\/revisions\/5546"}],"wp:featuredmedia":[{"embeddable":true,"href":"https:\/\/fundacioncomunitariamalinalco.org\/en\/wp-json\/wp\/v2\/media\/1534"}],"wp:attachment":[{"href":"https:\/\/fundacioncomunitariamalinalco.org\/en\/wp-json\/wp\/v2\/media?parent=2028"}],"wp:term":[{"taxonomy":"category","embeddable":true,"href":"https:\/\/fundacioncomunitariamalinalco.org\/en\/wp-json\/wp\/v2\/categories?post=2028"}],"curies":[{"name":"wp","href":"https:\/\/api.w.org\/{rel}","templated":true}]}}

<p>Con fundamento en lo establecido en la Ley Federal de Protección de Datos Personales en Posesión de los Particulares, mediante la cual se obliga a los particulares, sean personas físicas o morales de carácter privado, que lleven a cabo el tratamiento de datos personales, ponemos a su disposición el aviso de privacidad correspondiente, a efecto de garantizar la privacidad y el derecho a la autodeterminación informativa de las personas que nos proporcionan datos personales.</p>



<div style="height:50px" aria-hidden="true" class="wp-block-spacer"></div>



<h3 class="wp-block-heading">AVISO DE PRIVACIDAD:</h3>



<ol class="wp-block-list">
<li>Fundación Comunitaria Malinalco, A.C., con domicilio fiscal en Insurgentes S/N, Barrio Santa María, Malinalco, C.P.52440, Malinalco, Estado de México, es responsable de recabar sus datos personales, del uso que se le dé a los mismos y de su protección.</li>



<li>Los datos personales e información personal sensible que voluntariamente proporcione a Fundación Comunitaria Malinalco, A.C., serán utilizados para identificarlo, localizarlo y contactarlo; registro en base de datos de contactos; así como cualquier otra finalidad análoga a las aquí establecidas, y estarán protegidos por medidas de seguridad administrativas, técnicas y físicas, para evitar su daño, pérdida, alteración, destrucción, uso, acceso o divulgación indebida.</li>



<li>Usted tiene derecho, conforme al Artículo 29 de la Ley Federal de Protección de Datos Personales en Posesión de los Particulares, de acceder, rectificar y cancelar sus datos personales, así como de oponerse al tratamiento de los mismos o revocar el consentimiento que para tal fin nos haya otorgado, a través de los procedimientos que hemos implementado.</li>



<li>La Institución no requerirá el consentimiento del Titular, para tratar datos personales cuando lo haga con fundamento en lo dispuesto en el artículo 10 y 37 de la Ley.,</li>



<li>Adicionalmente, Fundación Comunitaria Malinalco, A.C., queda autorizada para tratar datos personales para cualquiera de los siguientes fines: Enviar por cualquier medio físico, electrónico o magnético, incluyendo de manera enunciativa y no limitativa, correo ordinario, correo electrónico, llamadas telefónicas, descargas electrónicas, o por personal autorizado por la Institución previamente identificado:<br><br> a. Noticias y anuncios en general, que sean o puedan ser importantes o relacionados con la Institución.<br> b.Campañas, beneficios o invitación a eventos.</li>



<li> Los titulares de la información podrán en todo momento, salvo por las excepciones contenidas en la misma Ley, limitar el uso o divulgación de los datos personales previamente proporcionados a la Institución. Al efecto, el Titular deberá dirigirse al correo: info@fcmalinalco.org o mediante un escrito con acuse entregado en el domicilio principal de la Institución.</li>



<li>Cuando se trate de Datos Personales Sensibles, para su tratamiento, la Institución deberá recabar el Consentimiento respectivo, el cual, junto con el presente Aviso de Privacidad faculta a la Institución a darle el tratamiento que haya sido autorizado por el Titular.</li>



<li>Se tendrá tácitamente por notificado al Titular de la Información y se entenderá que el mismo acepta las modificaciones al presente Aviso de Privacidad, dentro de los tres días hábiles siguientes a la fecha en que se ponga a disposición del público la adecuación respectiva, si el Titular no manifiesta desacuerdo o rechazo alguno. A efectos de lo anterior, la Institución a su elección, podrá comunicar al Titular los cambios realizados al presente Aviso de Privacidad a través de cualquiera de los siguientes medios:<br><br> &#8211; Escrito enviado a cualquiera de los domicilios que se tengan del Titular.<br> &#8211; Correo electrónico enviado a cualquiera de las direcciones electrónicas que se tenga del Titular.<br> &#8211; Avisos colocados en el sitio de Internet de la Institución cuando se trate de cambios de carácter general y no particulares o cuando así sea requerido por la Ley o disposiciones de autoridad competente.</li>
</ol>



<div style="height:50px" aria-hidden="true" class="wp-block-spacer"></div>



<p>Para la Fundación Comunitaria Malinalco, A.C., mantener la privacidad y los procedimientos de seguridad que protegen sus Datos Personales es muy importante.</p>



<p>Contacto: Si tiene alguna duda sobre el contenido, interpretación o alcance de este Aviso y sobre cómo ejercer sus derechos de acceso, rectificación, cancelación u oposición, puede llamarnos al 714 147 1113 o escribirnos al correo electrónico: <a href="mailto:info@fcmalinalco.org" class="ek-link">info@fcmalinalco.org</a></p>



<p>Fecha de actualización: 2 de enero del 2024</p>

<p>Con fundamento en lo establecido en la Ley Federal de Protección de Datos Personales en Posesión de los Particulares, mediante [&hellip;]</p>
